(-6 + -1)) + -5.
1
What is (-15 - -21) + 0 + 12?
18
What is (0 - -1) + -30 + (482 - 481)?
-28
Calculate -2 + -1 + (8 - (8 + -8)) - -7.
12
What is the value of -11 + 0 - (5 - 16)?
0
Calculate 6 - (8 - (0 - (-4 - (1 - -1)))).
4
What is the value of (-1 - (-9 + 2 + 20)) + (-11 - -6)?
-19
What is the value of -16 + 13 + 3 + 3 + 1?
4
3 + (-1 - 3) + 4 - (7 - 18)
14
1 + 0 - (-7 + -10 + 16)
2
What is (-19 - -70 - 35) + 1 + -1?
16
Calculate -11 + 11 - (9 + -17).
8
Evaluate 2 + -2 + -1 + 10 + -5 + 4.
8
-8 + 16 + -29 + 16
-5
Calculate 9 - (-2 + 4) - (-52 + 1 + 56).
2
Calculate (173 - 149) + (-12 - 1).
11
Calculate -7 + 3 + 25 - 32.
-11
(-14 - (-43 - 1)) + -10
20
Evaluate -34 + (19 - -15) - (0 - 16).
16
Evaluate 62 + (-45 - 22) - (-1 + (0 - -2)).
-6
What is the value of -12 + (4 - (3 + 7)) + -10?
-28
-14 + 13 - (5 - 4 - (-2 - 5))
-9
What is -5 + 2 + -6 + 39 + -26?
4
Calculate 4 + -2 - (4 - (14 + (41 - 20))).
33
-22 + 2 + 7 + (-6 - -10)
-9
Evaluate 8 + (-7 - 9 - -14).
6
33 + 2 - (-569 + 575)
29
What is -7 - ((57 - 61) + 0 + -2)?
-1
What is the value of -14 + 34 - ((5 - 9) + 4)?
20
What is the value of 1 - ((-22 - -12 - -3) + 1 + 6)?
1
Evaluate -4 + (-12 - -3) + 10 + -19 + 9.
-13
Calculate 6 - 19 - -14 - 22.
-21
Evaluate 2 - (-49 + 49 + -1 + -1 + 11).
-7
Evaluate -313 - -309 - (1 + -11 + -3 + 4).
5
-1 - (9 - (34 + -6) - (-5 + 0))
13
What is the value of -7 + 0 + 15 + -8 + 12?
12
Evaluate -3 + -3 - (-3 - 27 - -54).
-30
4 + (-4 - -2 - (4 + -3 - -3))
-2
(-32 - -2) + 8 - 5
-27
Evaluate 7 + -14 + 18 + -17.
-6
Calculate -2 - (3 + (-10 - 11)).
16
Evaluate -29 + 4 + 10 + 10.
-5
Evaluate 33 + (-6 - 17 - -4).
14
What is the value of 37 - 14 - 9 - 5?
9
Evaluate (-128 - -140) + (1 - 23).
-10
What is 7 + (2 - 34 - (10 - 19))?
-16
Calculate -5 + (-4 - -3) + -3.
-9
What is 2 - 0 - (6 - 0 - (16 + -18))?
-6
Calculate -10 + -11 + -7 + (38 - -7).
17
Calculate -7 - (2 + (-1 - 3) + 2 - 0).
-7
-1 + 23 + 1 + 1 + -11
13
Evaluate (-7 - (-55 + (7 - -2))) + -4.
35
Calculate 4 - (30 - 16) - (6 + -9).
-7
Evaluate 5 + -1 + (-4 - 24) + 50 + -43.
-17
Evaluate 6 + 1 - (27 + (-16 - -2) - 3).
-3
Evaluate 3 - (5 + (9 - 18)) - (-1 - -10).
-2
-7 + ((-4 - (-1 - 3)) + 1 - 0)
-6
Evaluate -27 + 39 - 23 - -30.
19
Calculate (-1 + -2 - (-12 + (13 - 15))) + 9.
20
Evaluate (3 - -3) + (-10 + 4 - 0).
0
What is the value of 0 + -1 + -1 + 268 + -261?
5
(4 - 4 - 1) + 3
2
(5 - -15) + (-16 - (-9 - 3))
16
Evaluate 3 - ((-3 + 6 - 9) + -5).
14
Evaluate 7 - 3 - (-11 + 10 + 6).
-1
Calculate (3 - (6 + 6 + 1) - -5) + 15.
10
Evaluate (8 + -20 - -48) + -20.
16
(13 - 8) + (7 - 14 - -3)
1
Calculate -3 - (0 + -1 + -4 + -7 + 18).
-9
-39 + 4 + 24 - 17
-28
What is (19 - (6 + 19) - -29) + (1 - 4)?
20
Calculate -9 + 25 + 10 - (0 - 1).
27
Evaluate -4 + -5 - (-8 - 6 - -6) - -26.
25
1 + 11 + (-62 - (-4 + -28))
-18
(1 - -9) + -2 + (-8 - 17 - -30)
13
27 + -19 - (-3 + 3 - (-3 + 1))
6
Evaluate 0 + -10 + (-7 + 11 - 2).
-8
14 + -8 + -7 + 1
0
What is (8 - (4 - 5)) + (12 - -3 - 54)?
-30
What is the value of 5 + 0 + 3 + (-3 - 4) + -7?
-6
What is (3 - 4) + -3 - (-23 - 3)?
22
What is the value of 11 + (-5 - 2) - (8 + 0) - -22?
18
What is the value of -22 + (46 - 21) + (0 - (7 + -1))?
-3
Calculate -24 - (6 + 15 + -28).
-17
Evaluate -8 + (7 - 1 - (79 + -76)).
-5
Evaluate (-1 - 6 - (10 + -14) - -3) + 9.
9
What is the value of (77 - 69) + (-3 - 3 - 2)?
0
What is the value of -2 + 3 + -1 - (1 - (-9 + -5))?
-15
Calculate 9 + -1 - (8 + (-12 - -22)).
-10
What is the value of -22 + 1 - (-18 - (2 + -15))?
-16
Evaluate 11 + (-2 - (1 - 2)) - (-35 - -35).
10
What is -15 + 17 + (-16 - (0 + -17))?
3
-7 + (-18 - -21 - (-1 - 2 - -2))
-3
What is -15 + -1 - (-2 + (3 - 3))?
-14
What is the value of (0 + 0 - -16) + 56 + -10 + -39?
23
Calculate (8 + -4 - 14 - 6) + 4.
-12
Evaluate 24 + (11 + 4 - 10 - 5 - 7).
17
Evaluate -21 + 45 + -5 + -21.
-2
Calculate -2 - 13 - (33 - 38).
-10
Calculate 9 - (7 + (33 - 8) - 11) - 25.
-37
What is -2 + (-2 - (4 - (12 - 6))) + 6?
4
(15 - ((-3 - 2) + 9 + -1)) + -4
8
What is 17 + -24 - 16 - -38?
15
What is 8 + -10 + 12 + -11 - (-3 + -1)?
3
Calculate (9 - 4) + (8 - (-7 - -12)).
8
What is the value of (2 - (-1 + -20)) + 13 + (8 - 26)?
18
What is -3 - (-4 - -9 - -2) - -7?
-3
Evaluate -21 + 0 - (10 + 31 + -46).
-16
10 + -16 + 10 - (1 - (-3 - 6))
-6
What is (11 - 0) + 7 + -14?
4
What is the value of -11 + -4 + 2 + 12 + (6 - 0)?
5
What is the value of 3 - ((-1 - 5) + (-11 - (-19 - -4)))?
5
Evaluate -4 + 7 + (-57 - -65) + -2 + -5.
4
Evaluate -6 + (53 + -52 - (1 + -20 + 2)).
12
What is the value of 5 + -4 + -4 - (7 + -2 + 2)?
-10
What is the value of -14 + (-32 - -9) + 10 + (7 - -1)?
-19
13 + (7 - 6 - 4)
10
Evaluate (-3 - 4 - -2 - -6) + -7 + -3.
-9
Calculate 202 + -210 - (-1 - -2).
-9
What is 7 + -7 + (-4 - 5)?
-9
Evaluate 8 + 4 - 5 - 6 - 14 - -3.
-10
Evaluate 5 - -1 - (10 + -18 + 6).
8
3 + (1 - 7) + 2 - (-4 - -11)
-8
-2 + -1 + (12 - -1) + 72 + -84
-2
What is 1 + 6 + 531 + -513?
25
Evaluate -11 - (-12 + 13) - -13.
1
Evaluate 1 + -20 + 50 + -40.
-9
-5 + (18 + -26 - (-1 - (-1 + 21)))
8
Calculate -12 + (2 - 3) - -1.
-12
What is -13 - (-1 - (0 - ((-6 - -9) + -8)))?
-7
-10 + 25 + (1 - (-5 + 13 + -16))
24
What is (9 - (1 + -1)) + 704 + -673 - 12?
28
Calculate 31 + 15 + (-45 - -14).
15
Calculate (-1 - (14 - 12)) + (19 - (-1 + 3)).
14
Calculate 9 - (3 + 1 + -10) - -4.
19
Evaluate -3 - 9 - (7 - 1).
-18
11 + (-9 + -3 - 0 - (2 - 10))
7
What is the value of 11 - (9 - 10 - -17)?
-5
(-1 - -17) + (-33 - -31) - -5
19
What is -12 + 0 + -41 + 64?
11
Evaluate (2 - 6 - -5 - (-7 + 4)) + 4.
8
What is the value of 3 - (-3 + 1 + 58 + -66)?
13
Evaluate -30 + 15 + 12 + 13.
10
What is -1 - -14 - 4 - (5 - -8)?
-4
Evaluate 10 - ((-4 - (0 + -4)) + (5 - 0)).
5
Calculate 59 - (23 - -9 - 0).
27
-2 + -23 + 6 + (-5 - (-4 - -3))
-23
What is 0 - (2 + (-3 - -1) + (-13 - -7))?
6
What is -16 + 5 + -4 - (-76 - -71)?
-10
What is (-14 - -5 - 23) + (13 - 16)?
-35
What is 1 - -1 - (-3 + 5) - -8 - 5?
3
What is the value of -88 + 88 - (-1 + 12)?
-11
Calculate (1 + -1 - 4) + 8 + -35 + 29.
-2
What is the value of (-4 - (-9 + 3)) + 3 + -17?
-12
Evaluate -3 + (9 + -10 - -3).
-1
(5 - (2 + 2 + -3)) + 0 - 1
3
6 + -36 + (-1 + -13 - (72 + -81))
-35
Calculate -2 + 1 + 6 + (64 - 64).
5
Evaluate -41 - 3 - 1 - -16.
-29
Calculate 14 + (-19 + 7 - -5) - 17.
-10
Evaluate 5 - (47 + -22 - 12).
-8
What is -14 - 5 - (-5 + -6 + 8)?
-16
Calculate (-2 - (8 + 0)) + 8 + (-9 - 0).
-11
What is (19 - 31) + (18 - -3) + 0 + 11?
20
What is the value of -11 - (-12 - 3) - (-24 + 0)?
28
Calculate 20 - (-21 + 35) - (-5 + -2).
13
Evaluate -1 - (17 + -16 + 9 + 1 + -4).
-8
What is -35 + 63 + -50 + 0?
-22
Calculate -2 - -13 - 0 - (2 + -8).
17
-43 + 39 + (2 + -4 + 3 - -2)
-1
Calculate (-28 - (-25 + 2 + 12)) + -1 + 10.
-8
(3 - -5) + -27 + 7 - -10 - 4
-6
Evaluate (-3 - -20 - (-2 + 8)) + -3 + -5.
3
Calculate -6 - (-9 + 10) - -6 - -6.
5
Calculate -131 + 125 + -2 + 23.
15
-3 + 20 + (-9 + 0 - (-28 - -24))
12
What is 25 + -2 - (56 + (41 - 81))?
7
16 + 25 - 15 - 11
15
What is the value of 3 - (-8 - 6 - (-3 + 2 + 2))?
18
What is -1 + -19 - (308 + -325) - (7 + -1)?
-9
-12 + (-1 - (0 + -4 - 3))
-6
What is -7 - (-1 + 3 + -37 + 33 + 3)?
-8
Calculate 12 - 17 - (-7 - 1).
3
What is 2 - ((5 - -6) + (-8 - -2) - 6)?
3
(0 - 2) + 10 + -25 + 10
-7
1 + -6 + (-40 + -12 - -66)
9
34 - 41 - (-10 + (-1 - -1))
3
1 + (-8 - (-18 + 18 - (3 + -2)))
-6
Evaluate (95 - 80) + (-1 - 24).
-10
What is the value of -10 + 3 + (-17 - (5 + -14))?
-15
What is the value of (20 - 1) + -26 + -3 + 21 + -8?
3
What is 2 - (-16 - (-19 - -9))?
8
Evaluate (130 - 98) + (-26 - -3).
9
What is -15 - ((-8 + -7 - -20) + -3)?
-17
2 + 0 + (8 - 14) + (-68 - -37)
-35
Evaluate 1 - -1 - ((-13 - (-4 - 9)) + -7).
9
Evaluate 47 + -35 + (-2 - 13).
-3
What is -15 - -2 - (-17 + 5)?
-1
Evaluate -8 + (-9 - (11 + -5 - 12)).
-11
-4 - (-2 - 1) - (8 - (7 + 2))
0
123 - 105 - (2 - -10)
6
What is -27 - -7 - (89 + -92)?
-17
Calculate -8 - (9 - (3 + 37 + -2 + -1)).
20
(50 - 42) + -1 + -5 + 4
6
Calculate -2 + -8 + (-23 - -8) + 16.
-9
What is -2 + 18 + -25 + -7?
-16
What is the value of 9 + -8 + -1 + -8?
-8
Evaluate (11 - (-12 - -16) - 1) + 17.
23
What is (-2 + -27 - (-2 - 2)) + 9?
-16
(20 - (-6 - (-5 + -8))) + -13
0
Evaluate (0 - 1) + -8 + 154 + -145.
0
Evaluate 2 + -2 + (2 - 22 - (-26 + 14)).
-8
What is t